 Calculate the highest common factor of 19 and r.
19
Let g = 11 + -8. Suppose -g*d + 20 - 5 = 0. Suppose 0 = d*c - 2*c - 33. What is the highest common factor of 121 and c?
11
Suppose 0 = 160*y - 163*y + 66. Calculate the greatest common factor of y and 44.
22
Suppose 5*r - 3*c = -18, 5*c + 44 = -3*r - r. Let p = r + 9. Let f be 431/p - 7/(-21). Calculate the greatest common divisor of 16 and f.
16
Suppose 7*w = 8*w - 21. Calculate the greatest common divisor of w and 189.
21
Let h(v) = 22*v - 1. Suppose -i = -3*i + 2. Let s = 2 - i. Let a be h(s). Calculate the highest common divisor of a and 3.
3
Let r be -11*3*(-6)/6. What is the highest common factor of 3 and r?
3
Suppose 0 = -h - t + 5, 2*h - t = 5*h - 15. Suppose 5*d = d + 600. Suppose v - d = -2*v. What is the greatest common factor of v and h?
5
Let m = 16 + -7. Let k(w) = -w**3 - 2*w**2 + 9*w + 9. Let t be k(-6). What is the greatest common factor of t and m?
9
Let j be 1*(-7 + 6/2). Let g = 6 - j. Calculate the greatest common divisor of g and 30.
10
Let i be (-5 + 1)*6/(-8). Calculate the highest common divisor of 12 and i.
3
Suppose 4*w - i = 1057, 0*i + 794 = 3*w - 2*i. What is the greatest common factor of w and 24?
24
Let h = 129 - 66. Calculate the greatest common factor of h and 9.
9
Suppose m = 4*m + 5*h - 55, 0 = -2*m - 5*h + 35. Let u = 28 - m. Let a = 3 + -2. What is the greatest common factor of a and u?
1
Let d = -4 - -1. Let o be (-42)/(-8)*(-32)/d. Calculate the highest common divisor of 8 and o.
8
Suppose 5*d - 2*l = -415, -7*l = -2*d - 3*l - 150. Let p be (2/2)/((-5)/d). What is the greatest common factor of p and 17?
17
Let z = 28 + -17. Let p = -45 - -78. What is the greatest common factor of z and p?
11
Let l(p) = p**2 + 10*p - 8. Let s be l(-11). Suppose -n = -y - s*y - 42, 2*n - 4*y - 72 = 0. Calculate the highest common divisor of 6 and n.
6
Suppose 6*z - z = 0. Suppose z = -s + 4 + 53. Let b = -39 + s. Calculate the highest common factor of b and 9.
9
Let a be 10*(-4)/12*-3. Let g be a/6 - (-2)/(-3). What is the highest common factor of 3 and g?
1
Let z = 13 + -12. What is the greatest common factor of z and 11?
1
Let m(o) = -o**3 - o**2 + o - 3. Let t be m(0). Let k be (-16)/(t/((-9)/(-6))). What is the highest common factor of k and 4?
4
Let d(q) = -12*q**3 - q**2. Let i be d(-1). Let a = 10 + -6. Let z be a/18 - (-590)/18. Calculate the highest common factor of i and z.
11
Let g = -136 + 159. Calculate the highest common divisor of g and 184.
23
Suppose -b = 2*b - 195. Calculate the highest common divisor of b and 26.
13
Suppose 0*u = u - 4. Suppose -u*h + 25 = h. Suppose h*i + 314 = 4*n, n - 41 - 39 = 2*i. What is the highest common divisor of n and 19?
19
Suppose -3*c + 124 = 4. Let r(i) = i**2 - 3*i - 2. Let g be r(5). What is the greatest common divisor of c and g?
8
Let d be (-130)/2*(-2 + (-1)/(-1)). Calculate the highest common factor of d and 26.
13
Let a be 1/(20/(-66) - (-12)/36). Calculate the greatest common divisor of a and 3.
3
Suppose 160 = 3*k + 2*k. Calculate the greatest common factor of k and 8.
8
Suppose p - 3*p = -94. Calculate the highest common divisor of p and 329.
47
Let r = -9 + 8. Let d = r - -8. Calculate the greatest common factor of d and 7.
7
Suppose 2*v = -3*w - 3, 10 = 2*v - 2*w - 2. Suppose -4*t + 17*q = 18*q - 11, 2*t + 5*q - 19 = 0. What is the highest common factor of t and v?
1
Let k be (-3)/(1*(-1)/4). What is the greatest common divisor of k and 12?
12
Let f(v) = 3*v**2 - 11*v + 7. Let i be f(4). Calculate the highest common factor of i and 99.
11
Let l(k) = k - 3. Let c be l(13). Suppose -m - 39 = -2*m - a, m = 2*a + 42. Calculate the greatest common factor of c and m.
10
Let z = 88 + 137. Calculate the highest common divisor of 25 and z.
25
Let n(h) = -h + 43. Let y be n(18). Calculate the highest common factor of y and 10.
5
Suppose 0 = 2*i + 3*b - 12, 0 - 12 = 3*b. Let f = -1 + 3. What is the greatest common factor of f and i?
2
Let t = -3 + 4. Let y = 7 - t. Calculate the greatest common divisor of y and 12.
6
Let w = 346 + -185. Calculate the greatest common divisor of 23 and w.
23
Let v(o) = 2*o**3 + 13*o**2 + 2*o - 7. Let i be v(-6). What is the highest common divisor of 17 and i?
17
Suppose 4*a + 0*a + 8 = 0. Let w be -4 - a/3*66. Let b = 10 - 2. What is the greatest common factor of b and w?
8
Let q be -1*-1*(-34)/(-2). Let m = -11 + q. Calculate the highest common divisor of 18 and m.
6
Let v(c) be the third derivative of c**4/3 - c**3/3 - 5*c**2. Let r be v(2). What is the greatest common divisor of r and 112?
14
Suppose 0 = -33*q + 31*q + 64. Calculate the highest common factor of q and 48.
16
Let a = 2321 - 181. Let h be (-3)/(-7) + a/70. Calculate the highest common factor of h and 341.
31
Let p be ((-3)/(-9))/1*9. Suppose s - 3*t = 57, p*t + 15 = -0. Suppose 2*z - 33 = -o + 26, 2*z + 3*o - 65 = 0. What is the greatest common factor of z and s?
14
Let x = -2 + 5. Suppose 3*t = -3*g + 5*t + 8, 45 = 5*g + x*t. What is the greatest common divisor of g and 48?
6
Let r = -28 - -42. What is the greatest common factor of 35 and r?
7
Suppose 0 = a + 243 - 59. Let v be a/(-24) - 1/(-3). Calculate the greatest common divisor of 56 and v.
8
Suppose x + 0 - 2 = 0. What is the greatest common divisor of x and 18?
2
Suppose 7*o = 5*o + 5*q + 24, -3*o = -3*q - 18. Calculate the greatest common divisor of o and 1.
1
Let k = 3 + -3. Suppose -2*w = p - k*w - 8, w = 3*p - 24. Let t be 2/((-41)/(-20) - 2). Calculate the highest common factor of p and t.
8
Suppose 5 + 5 = k. Let r(b) = -b + 10. Let n be r(0). Calculate the highest common factor of k and n.
10
Let a(i) = -i**3 - 11*i**2 - 14*i + 8. Let t be a(-10). Calculate the highest common factor of t and 12.
12
Let r = 15 + -9. Let a(y) = -y**3 + 6*y**2 - 6*y + 4. Let m be a(4). Let w be (m/(-18))/(2/(-18)). Calculate the highest common factor of r and w.
6
Let s be 8/(-2) - (-7 + -57). Suppose -s = -2*y - 18. Calculate the greatest common factor of 231 and y.
21
Suppose 2*b - 4 - 2 = 0. Let x(o) = o**3 + 9*o**2 - 11*o - 11. Let m be x(-10). Let g = m - -25. Calculate the greatest common divisor of g and b.
3
Let u(p) = -p**3 - 4*p**2 - 4*p + 8. Let z be u(-4). What is the highest common divisor of z and 3?
3
Let t be (-119 - 1)*6/(-15). Let z = 3 + -7. Let p = 10 + z. What is the greatest common divisor of t and p?
6
Let t(z) = z**3 - 9*z**2 - 8*z - 14. Let s be t(10). Let l be (-3)/s*-4 + 14. Suppose -116 = -k + l. Calculate the highest common factor of 12 and k.
12
Let s be ((-6)/(-4) + -2)*-8. Suppose -s*m + 15 = -m. Suppose q + 98 = 4*a, 3*q - 28 + 154 = m*a. What is the greatest common factor of a and 3?
3
Let g = 19 + -10. Let c = g + 24. Let u = -2 + 5. What is the highest common divisor of u and c?
3
Let i be (-22)/66*-18*10/4. Calculate the greatest common factor of i and 15.
15
Suppose -4 = -k + 2. Let x(a) = a**2 + 6. Let i be x(0). Calculate the highest common factor of k and i.
6
Suppose 0*b = 5*b. Suppose b = 3*v - 600 - 21. Calculate the greatest common factor of v and 23.
23
Let w(c) = -c**2 - 2*c + 3. Let q(y) = y - 1. Let x(s) = -5*q(s) - w(s). Let k be x(5). Calculate the greatest common divisor of 12 and k.
12
Let g(h) = 10*h**2 - h + h - 1 - h**2. Let f be g(-1). What is the highest common divisor of f and 20?
4
Suppose 0 = 4*r - q - 33, -4*q + 2*q - 42 = -5*r. Calculate the greatest common factor of r and 1.
1
Let q(r) = -r**3 + 3*r**2 - r. Let s be q(4). Let v = s - 18. Let u = 70 + v. Calculate the greatest common divisor of u and 8.
8
Suppose 3*o = 5*o - 4, 0 = 5*x - 3*o - 234. Let k be (-510)/(-21) - 2/7. What is the highest common divisor of k and x?
24
Let c be (1 + 0)/((-1)/(-27)). Calculate the highest common divisor of c and 27.
27
Let d be 2 - (3 - (-19 + 1)). Let i(l) = -7*l + 3. Let t be i(-4). Let a = t + d. What is the highest common divisor of a and 60?
12
Suppose 0 = 15*a - 20*a + 100. Let y = -82 + -10. Let i = y - -232. What is the greatest common divisor of i and a?
20
Let n be ((-7)/21)/((-2)/24). Suppose n*u - 268 = 2*u + 3*c, 0 = -4*u - 3*c + 500. Suppose 0 = 5*f - u - 22. What is the greatest common factor of 10 and f?
10
Let i be 2/8 - 143/(-4). Suppose -4*z = -151 + 23. Let g = -14 + z. What is the highest common fact